late the highest common divisor of 44 and 418.
22
Calculate the greatest common divisor of 216 and 13878.
54
Calculate the highest common factor of 2980 and 20.
20
Calculate the greatest common divisor of 10269 and 84.
21
Calculate the greatest common divisor of 48 and 368.
16
What is the highest common factor of 1721 and 2?
1
What is the highest common divisor of 258 and 4?
2
What is the greatest common divisor of 136 and 187?
17
Calculate the highest common factor of 39 and 91.
13
What is the greatest common factor of 1474 and 22?
22
What is the greatest common factor of 300 and 204?
12
What is the greatest common divisor of 3012 and 132?
12
Calculate the greatest common factor of 644 and 16.
4
What is the greatest common divisor of 27 and 27?
27
Calculate the highest common factor of 342 and 152.
38
What is the highest common divisor of 715 and 11?
11
What is the highest common factor of 48 and 456?
24
What is the highest common factor of 151 and 29898?
151
What is the greatest common divisor of 130 and 35?
5
Calculate the greatest common factor of 51601 and 11.
11
Calculate the highest common factor of 95 and 45.
5
What is the highest common factor of 65 and 8515?
65
What is the highest common factor of 432 and 16?
16
What is the highest common factor of 12 and 7362?
6
Calculate the highest common divisor of 21 and 126.
21
What is the greatest common divisor of 11 and 3817?
11
What is the highest common divisor of 39 and 104?
13
What is the greatest common divisor of 63 and 117?
9
Calculate the highest common factor of 775 and 341.
31
Calculate the greatest common divisor of 46 and 1242.
46
What is the highest common factor of 16434 and 396?
198
What is the greatest common divisor of 574 and 28?
14
Calculate the greatest common factor of 1204 and 12.
4
Calculate the greatest common divisor of 68 and 5678.
34
What is the greatest common divisor of 874 and 304?
38
Calculate the highest common divisor of 165 and 55.
55
What is the highest common divisor of 5200 and 32?
16
Calculate the highest common divisor of 45 and 441.
9
What is the greatest common divisor of 108 and 132?
12
Calculate the highest common divisor of 259 and 5957.
259
Calculate the highest common factor of 6688 and 1232.
176
Calculate the highest common factor of 7 and 77.
7
Calculate the highest common divisor of 62 and 16.
2
Calculate the greatest common divisor of 22 and 1958.
22
What is the highest common factor of 30 and 9294?
6
What is the greatest common factor of 975 and 600?
75
What is the greatest common divisor of 8 and 392?
8
Calculate the greatest common divisor of 598 and 46.
46
Calculate the highest common divisor of 1248 and 13.
13
Calculate the highest common factor of 91 and 1651.
13
What is the highest common factor of 7 and 119?
7
What is the highest common factor of 84 and 180?
12
What is the greatest common divisor of 364 and 104?
52
What is the highest common divisor of 72 and 360?
72
What is the greatest common divisor of 77 and 33?
11
Calculate the greatest common factor of 57 and 16207.
19
What is the highest common factor of 341 and 2288?
11
Calculate the greatest common factor of 64 and 8432.
16
What is the greatest common divisor of 48 and 1944?
24
Calculate the greatest common divisor of 39 and 150.
3
Calculate the highest common factor of 2724 and 108.
12
What is the greatest common divisor of 1339 and 206?
103
What is the greatest common factor of 17 and 153?
17
What is the greatest common factor of 24852 and 36?
12
Calculate the highest common factor of 329 and 14.
7
Calculate the highest common factor of 824 and 7.
1
Calculate the highest common divisor of 30 and 25.
5
What is the highest common divisor of 180 and 75?
15
Calculate the highest common divisor of 66 and 506.
22
Calculate the greatest common divisor of 8 and 3328.
8
What is the greatest common factor of 28 and 1526?
14
What is the highest common factor of 11 and 2563?
11
Calculate the greatest common factor of 9176 and 31.
31
Calculate the highest common divisor of 110 and 4.
2
What is the highest common factor of 6 and 183?
3
Calculate the highest common factor of 470 and 10.
10
What is the greatest common divisor of 378 and 1281?
21
Calculate the highest common factor of 172 and 1892.
172
Calculate the greatest common factor of 6 and 942.
6
What is the greatest common divisor of 25 and 5275?
25
Calculate the greatest common factor of 4975 and 50.
25
What is the greatest common factor of 5 and 2735?
5
What is the highest common divisor of 3564 and 60?
12
What is the greatest common divisor of 56 and 1064?
56
Calculate the highest common divisor of 4897 and 59.
59
Calculate the highest common factor of 57 and 9633.
57
Calculate the greatest common factor of 312 and 24.
24
Calculate the greatest common divisor of 1862 and 98.
98
Calculate the greatest common divisor of 104 and 312.
104
Calculate the greatest common divisor of 15 and 390.
15
What is the greatest common factor of 83 and 49883?
83
What is the greatest common divisor of 124 and 93?
31
Calculate the highest common factor of 28 and 1708.
28
Calculate the highest common divisor of 3 and 234.
3
What is the greatest common factor of 236 and 177?
59
What is the greatest common factor of 2370 and 27?
3
Calculate the greatest common divisor of 8 and 602.
2
Calculate the greatest common divisor of 68688 and 32.
16
Calculate the greatest common factor of 62 and 403.
31
What is the greatest common divisor of 1176 and 441?
147
Calculate the greatest common divisor of 14 and 854.
14
Calculate the highest common divisor of 38 and 95.
19
What is the greatest common factor of 95 and 38?
19
What is the greatest common factor of 63 and 56?
7
Calculate the highest common factor of 822 and 2603.
137
Calculate the greatest common factor of 300 and 24.
12
Calculate the highest common divisor of 5 and 3.
1
What is the greatest common divisor of 2759 and 89?
89
Calculate the highest common factor of 7871 and 136.
17
What is the highest common divisor of 20 and 100?
20
Calculate the greatest common factor of 207 and 3312.
207
Calculate the greatest common factor of 66 and 1353.
33
Calculate the greatest common factor of 3 and 1011.
3
What is the greatest common factor of 215 and 5?
5
Calculate the highest common factor of 12 and 7002.
6
Calculate the greatest common factor of 2775 and 111.
111
Calculate the highest common factor of 2716 and 28.
28
What is the greatest common factor of 10200 and 560?
40
What is the highest common factor of 50 and 3270?
10
What is the highest common divisor of 1024 and 24?
8
What is the highest common factor of 4366 and 590?
118
Calculate the highest common factor of 175 and 25.
25
Calculate the highest common factor of 341 and 66.
11
Calculate the greatest common factor of 378 and 17514.
126
Calculate the highest common factor of 1276 and 11.
11
What is the highest common factor of 1860 and 330?
30
Calculate the highest common factor of 203 and 189.
7
What is the greatest common factor of 27 and 144?
9
What is the greatest common divisor of 1037 and 34?
17
What is the greatest common factor of 24 and 22056?
24
Calculate the greatest common divisor of 473 and 86.
43
What is the highest common divisor of 1254 and 99?
33
What is the greatest common factor of 4123 and 434?
217
What is the greatest common divisor of 35 and 49?
7
Calculate the highest common factor of 473 and 1677.
43
What is the highest common divisor of 13 and 11?
1
Calculate the highest common divisor of 2236 and 572.
52
Calculate the highest common factor of 9 and 129.
3
Calculate the highest common factor of 536 and 8.
8
Calculate the highest common factor of 13 and 169.
13
What is the greatest common factor of 327 and 15?
3
Calculate the greatest common divisor of 2227 and 85.
17
Calculate the greatest common divisor of 415 and 4.
1
What is the greatest common divisor of 97 and 9991?
97
What is the greatest common factor of 8507 and 47?
47
Calculate the greatest common factor of 18 and 279.
9
Calculate the greatest common factor of 88 and 11.
11
What is the highest common divisor of 3475 and 139?
139
Calculate the greatest common divisor of 623 and 28.
7
Calculate the highest common factor of 754 and 2813.
29
Calculate the highest common